r of 1 and s.
1
Let v = 30 + -24. Suppose 3*o = -h + 28, -o - 4 = -v. What is the greatest common divisor of 55 and h?
11
Let m be 1 - 206/(-6) - (-20)/(-60). Let o(i) = i + 7. Let v be o(0). Calculate the greatest common divisor of m and v.
7
Let p = 883 - 663. Calculate the highest common divisor of p and 352.
44
Let y = 65 + -62. Suppose -i - y*s + 20 = 0, 3*s + 10 + 40 = 4*i. Calculate the highest common divisor of 42 and i.
14
Let c(w) = 2*w**3 - 28*w**2 + 44*w + 9. Let m be c(13). Calculate the highest common factor of 3 and m.
3
Suppose 19*c - 30*c + 308 = 0. Let z(k) = k**2 + 3*k - 14. Let w be z(11). Calculate the greatest common factor of w and c.
28
Suppose 0 = j + 3*v - 8, 0*j + 5*v = j. Let g(h) = 24*h + 12. Let m be g(j). Calculate the highest common factor of m and 12.
12
Let v = 1 - 2. Let i be 15*5 + v + 3. Let c be 14/(-12)*(-92 + 86). What is the greatest common divisor of c and i?
7
Suppose 3*s = 53 + 10. What is the highest common factor of 3 and s?
3
Let a = 30 + -24. Let k = a - -3. Suppose -5*o + 3*o = -72. Calculate the greatest common factor of o and k.
9
Suppose -149 - 136 = -5*n. Suppose 2*m = -2*l - m + 16, 5*l = 5*m + 15. Let r be l/(-2)*(-836)/110. What is the highest common divisor of r and n?
19
Suppose -3*o - 17 = 16. Let c = 10 + o. Let a be (c - 0)/(7/(-735)). What is the highest common factor of 42 and a?
21
Let v = 199 - 160. What is the highest common factor of 39 and v?
39
Let d = -193 + 221. What is the highest common factor of 28 and d?
28
Let x = -85 - -157. Suppose -4*j = 4*s + 96, -s + 6*s = 3*j + x. Let v be ((-6)/(-9) + -2)*j. Calculate the highest common divisor of 4 and v.
4
Suppose 0 = 85*l - 83*l - 390. What is the highest common factor of l and 60?
15
Let f = -10 - -10. Suppose y + 4*y - 335 = f. Suppose -z = -5*p - 30, -3*p + y = 3*z + 13. What is the greatest common divisor of z and 60?
20
Let i(g) = g**3 - 9*g**2 + 3*g - 6. Let w be i(9). Let v be (-3 + (-120)/9)*w. Let q be (v/28)/((-1)/4). Calculate the highest common divisor of q and 7.
7
Suppose 188 = 5*p + 2*l, -5*p + 195 = -2*l - 3*l. Let y be (0 + p/(-4))*-2. Calculate the greatest common factor of 152 and y.
19
Suppose 2*d - n - 45 = 4*n, -4*n + 56 = 3*d. Suppose 0 = g + g - d. Suppose -5*t = 3*q - g, 8 = 2*q - t - 3. What is the greatest common factor of 25 and q?
5
Let o = 2 - -14. Let j(i) = i + 56. Let g be j(24). Calculate the greatest common factor of g and o.
16
Suppose -11*p = -8*p. Suppose p*y - 3*y = m - 11, 0 = 2*y - 3*m. Calculate the greatest common factor of y and 15.
3
Suppose 149*t - 125*t = 20088. Calculate the highest common divisor of t and 9.
9
Suppose 0 = -3*v - 393 + 414. Let b be ((-4)/8)/(4/(-336)). Calculate the greatest common factor of b and v.
7
Suppose 35*b - 944 = -24*b. What is the greatest common factor of b and 1?
1
Let v = -156 - -256. Suppose 0 = -3*c - 24 + 84. What is the greatest common divisor of c and v?
20
Let j be (-454)/(-3) + 2/3. Suppose 0 = h - j + 6. Suppose 690 = 4*y - h. Calculate the greatest common divisor of y and 19.
19
Suppose -26*u + 665 = 9*u. What is the greatest common divisor of 893 and u?
19
Let x be (6/(-5))/(30/(-2475)). Suppose -c + 6*a - 2*a = -8, -7 = -c + 5*a. Let l = c - 1. What is the greatest common divisor of x and l?
11
Let q(h) = -h**2 + 19*h - 9. Let w be q(18). Let i be 4/10 - (-86)/10. What is the greatest common factor of w and i?
9
Let r be 10 + 2 - (3 + -5). Let f = 23 - -61. Suppose 13*h + f = 15*h. What is the highest common divisor of h and r?
14
Let r(o) = -4*o + 56. Let h be r(17). Let s be (8/12)/((-1)/h). What is the greatest common factor of 136 and s?
8
Suppose 5*x - 23 = 2*x - 4*r, 0 = -5*x - 2*r + 29. Let p(u) = u**2 - 9*u + 10. Let m be p(x). Let z = m + 16. Calculate the highest common factor of z and 2.
2
Let p(s) = -6*s - 66. Suppose 4*f - 11*f - 98 = 0. Let t be p(f). What is the highest common divisor of 12 and t?
6
Let i be -184*(-2 - (-1)/1). Suppose 0 = -4*q + 3*t + 104, -q + 10 + 9 = t. What is the highest common divisor of q and i?
23
Let z(u) = -u**2 + 5*u - 2. Let m be z(3). Let p(h) = -h + 13. Let v be p(8). Suppose 137 = v*a - 83. Calculate the highest common divisor of m and a.
4
Let r be 1/(5/(-10)) - (-9 + 2). Suppose -r*k - 3*k = -160. Calculate the greatest common factor of 5 and k.
5
Suppose -663 = -20*m + 1857. Suppose 3*p - 4*p = -18. What is the highest common factor of p and m?
18
Suppose -12*p + 318 = 246. What is the highest common divisor of p and 174?
6
Let z(x) = 4*x**2 + 10*x + 6. Let n be z(-5). Suppose 0 = 4*b + 4*q - 24, 21*b - 17*b + 3*q = 25. Calculate the greatest common divisor of b and n.
7
Suppose m + 3*m - 8 = 4*b, 0 = -2*m - 3*b + 14. Suppose -m*r = -0*r - 100. Calculate the greatest common divisor of r and 5.
5
Suppose 4*a = 3*h + 5316, -3*a + 0*h + 2*h + 3988 = 0. What is the greatest common divisor of 72 and a?
36
Let t(z) = 124*z**2 + 10*z + 3. Let l be t(-1). Calculate the greatest common divisor of l and 27.
9
Let h be 306/(-1 + 0)*(-21)/42. What is the greatest common factor of h and 9?
9
Let h = 112 - 67. What is the greatest common divisor of 210 and h?
15
Let y(p) = p + 1. Let w be y(5). Let c be 85/(-255) - 38/(-9)*18/12. Calculate the greatest common factor of w and c.
6
Let r = 2129 - 2091. Calculate the highest common divisor of 46 and r.
2
Suppose -45 - 23 = -4*p. Let r(c) = -c**3 - c**2 - c + 3. Let t be r(0). Let o be 6/(-3) + t*63. What is the greatest common divisor of o and p?
17
Let k = 376 + -316. Calculate the highest common divisor of k and 48.
12
Let j(y) = -y**2 - 6*y + 2. Let b be j(-9). Let o = b + 29. Suppose 2*t = -5*f + 7*t + 30, -3*f + 16 = -4*t. Calculate the greatest common factor of o and f.
4
Let q(g) = -184*g + 2. Let r be q(2). Let z = -177 - r. Calculate the greatest common factor of 21 and z.
21
Suppose 6440 = b + 27*b. Calculate the greatest common factor of b and 10.
10
Let t = 1 - -19. Let u(b) = -2*b - 8. Let r be u(-8). Let k = 12 - r. What is the greatest common factor of t and k?
4
Let b be 4/(-14) + (-1329)/(-21). Let a be (-82)/(-1312) - 6*111/(-96). What is the highest common divisor of a and b?
7
Let t be 20/(-6) + 3 - (-363)/9. What is the highest common factor of 100 and t?
20
Suppose m + 5*b = 88, -3*m - 3*b + 303 = -b. Let r = -70 + m. What is the highest common divisor of 297 and r?
33
Let t = 85 - 98. Let r(n) = -n**2 - 15*n + 6. Let g be r(t). Suppose 0 = 5*f - s - 158, 39 - 13 = f - 3*s. What is the highest common divisor of f and g?
32
Let f(t) = t - 4. Let v be f(5). Let c be 14/5 - 4/(-20). Let x = c + v. Calculate the greatest common divisor of 4 and x.
4
Let k = 383 + -351. Let q be 3/2*640/6. What is the highest common divisor of q and k?
32
Let g = -607 + 587. Let f be (1 + -2)*42/3. Let m = f - g. Calculate the highest common factor of 2 and m.
2
Let o be (-1 + 28)/(6*(-1)/(-12)). Let q(a) = -6*a. Let j be q(-3). What is the highest common factor of o and j?
18
Suppose -t - 20 = -3*g, -5*g - 3*t + 5 = t. Suppose g*c = -2*z + 29, -3*z - c + 16 = -2*z. Calculate the highest common divisor of 153 and z.
17
Suppose -k - 26 + 43 = 0. Calculate the highest common divisor of 459 and k.
17
Let u(p) = -p**2 - 21*p - 35. Let t be u(-21). Let o be 40 - (20/t - 24/7). Calculate the greatest common factor of 110 and o.
22
Suppose 0 = -f - 62 + 65, -5*f + 168 = x. Calculate the greatest common divisor of 17 and x.
17
Let v be -4 - 120/(-28) - (-655)/35. What is the greatest common factor of 665 and v?
19
Let d(o) = 2*o**2 - 42*o - 130. Let m be d(-3). What is the highest common factor of m and 742?
14
Let i(u) = 850*u + 10. Let v be i(1). What is the greatest common divisor of 20 and v?
20
Suppose 81*u - 78*u - 108 = 0. Calculate the highest common divisor of 72 and u.
36
Let s(g) = -g - 7. Let b be s(-7). Suppose 57 + 55 = 4*m - 2*j, b = -4*m - 4*j + 112. Suppose -5*d + 103 = m. What is the greatest common divisor of d and 30?
15
Suppose 88 = -21*z + 23*z. Suppose -f + 3*f = z. What is the greatest common divisor of f and 11?
11
Suppose 0*l - 16 = -2*m + 5*l, -l - 5 = -m. Suppose 0 = -14*v + 143 + 25. Suppose 19*z - 21*z = -v. Calculate the highest common factor of m and z.
3
Suppose 3*z + 5*p + 129 = 2*z, 8 = 2*p. Let r be z/(-3) - 1/(-3). Let 